+ 27. Is r(7) composite?
True
Suppose -5*m = -4*y + 2702, -4*m + 0 - 8 = 0. Is y composite?
False
Let q = 6527 - 3613. Suppose -5*z + 3*z + q = 0. Is z a prime number?
False
Suppose -11466 = -24*g + 366. Is g a composite number?
True
Suppose 4*a - 7 - 21 = -4*b, -23 = -3*a - 4*b. Suppose -5*r + 5*o + 590 = -0*o, 572 = a*r + o. Is r a prime number?
False
Suppose 3*l - 1044 = 2*l. Suppose -3*j = -7*j + l. Suppose g + 2*g = j. Is g a prime number?
False
Let z be -3 - 2/(4/(-18)). Let m(u) = -u**3 + z*u**2 + 0 - u**2 + 36*u**3 - 2*u - 1. Is m(2) prime?
False
Suppose 0 = 16*a - 8048 - 67968. Is a a composite number?
False
Is (0 - 1382)*351/(-26) + 4 a composite number?
False
Is ((-3)/(-9))/(4/380244) a prime number?
True
Suppose -2*g = -2 + 4. Let p be 2 - g*(4 - 1). Suppose -p*l + 955 = -340. Is l a prime number?
False
Suppose v - 6*v + 27 = s, -4*s - v = -13. Suppose 0 = p - s. Suppose p*t = -0 + 2, 0 = 2*y - 5*t - 3189. Is y a composite number?
False
Let x = 161 + 1010. Is x prime?
True
Suppose -5 = -5*v, -1282 = -5*d - 3*v + 1291. Let i = d - -39. Suppose -5*f + 224 + 2541 = -4*w, i = f - 5*w. Is f prime?
False
Let b(a) = 163*a**2 - 5*a - 5. Is b(6) composite?
True
Suppose 3*w = -w - 5008. Let y = -350 - w. Suppose y = 9*o - 7*o. Is o composite?
True
Let o(y) = -7*y**2 - 3*y - 4. Let n be o(3). Let c = n + 167. Is 0/4 - (2 - c) a composite number?
False
Let a(y) = 3*y**2 + 4*y - 17. Let q be a(7). Suppose 2*f = 4*u + 3322, 3*f - 3*u - 4819 = q. Is f composite?
False
Suppose -3*x + 2*o = -1613, 2*x + 4*o - 709 - 361 = 0. Let y = 212 + x. Is y a prime number?
False
Suppose -2*b + 2*k - 2928 = -12044, 0 = -2*b + 3*k + 9113. Is b a prime number?
True
Let t be 1/(4 - (-1395)/(-349)). Let n = -164 + t. Is n prime?
False
Let o be ((-9)/(-36))/(1/(-36)). Let m = 20 + -5. Is o/m - 236/(-10) a composite number?
False
Suppose -o - 2*s = 5, 2*o - 5*o + 2*s = -17. Suppose -o*h + 2*h = -24. Suppose x = 3*c - 60, -x + 0*x = c - h. Is c prime?
False
Let q(f) = f**2 + 0*f + f + 1060 + 63 - 3*f**3 + 2*f**3. Is q(0) a prime number?
True
Is (-82*4/4)/((-18)/153) a prime number?
False
Suppose -5*s - 8 = -2*h + 282, -2*s = 2*h - 304. Suppose h = 5*w - 425. Is w composite?
True
Let s = -82337 - -165796. Is s a prime number?
True
Is (2302/3*36/24)/1 a composite number?
False
Let n(h) = 9 - 6*h + 15*h - 2*h**3 + 13*h**2 + 3*h**3 - 10*h. Is n(-6) prime?
False
Let v = -35 - -44. Is -1*12429/v*(-1 + 0) a composite number?
False
Suppose 6 = o + o. Suppose 0 = 2*i - i - o*p + 839, 1660 = -2*i - 3*p. Let w = i - -1510. Is w composite?
False
Suppose 2*w - 4*w + 354 = 0. Let t = -8 + w. Is t a composite number?
True
Suppose -12 = -6*p + 9*p. Is -2 + (p - -362) + 3 composite?
False
Suppose 3*a - 3*d = -885, 3*a = -0*a + 5*d - 893. Let z = -158 - a. Is z a prime number?
False
Let r(j) = -37*j - 65. Is r(-12) a composite number?
False
Let t = -96 - -101. Suppose x + 813 = q, -2*x = -t*q - 138 + 4215. Is q composite?
True
Let a(v) = 2*v**2 + 8*v - 25. Is a(26) a prime number?
False
Suppose -2*o + 80193 = u, -7*o - 200500 = -12*o + u. Is o a prime number?
True
Let n = -16 + 18639. Is n a prime number?
False
Let p(v) = -748*v - 6. Let z be p(-2). Suppose -4*f + z = 2*b, -f - b - 3*b + 369 = 0. Is f prime?
True
Is 2/(4/3307) - (-159)/106 a prime number?
False
Is (294/(-56))/(15/(-46660)) a composite number?
True
Let v be (-6)/9 - (-23258)/(-6). Let q = -2240 - v. Is q a prime number?
True
Let a = -1552 + 275. Let w = a - -1910. Is (-2)/(-5) + w/5 a composite number?
False
Let z = 8 + 115. Let g be ((-276)/18)/((-3)/(-9)). Let q = g + z. Is q a composite number?
True
Let z = -1019 + 37626. Is z a composite number?
False
Let r(g) = 4*g + 2. Let l be r(-9). Let f = 33 + l. Is f/2 + (-2975)/(-34) a prime number?
False
Suppose 5*i - 2*l = 3*l, -2*i - l + 9 = 0. Let b be (1 - i) + (-100)/2. Let r = b - -119. Is r a composite number?
False
Let q(p) = p**2 + p + 960. Suppose 0 = 4*c - 6 + 2, 4*c = -5*b + 4. Let d be q(b). Suppose -5*s + 4*r - 5*r + d = 0, -5*r = 3*s - 598. Is s composite?
False
Is 12/66 - 342173/(-143) a prime number?
True
Let u be ((-16)/20)/((-6)/15). Suppose 3*z = 2*h - 5121, 0*z - u*z = -4*h + 10246. Suppose -2*k - 3*o = -1019 - 257, -4*k - o = -h. Is k a prime number?
True
Is 3/(6*3/56802) composite?
False
Let l = 15 + -27. Let o be (l/(-5))/(3/10). Is 4/o*-8 - -47 a prime number?
True
Let t(g) = 3*g**3 - 23*g**2 - 48*g - 71. Is t(23) composite?
False
Let u be 8/(-12)*30/(-4). Suppose 5*d + 4*n = -22, 0 = -2*d - n - u - 2. Is (37 - -1) + d + 1 prime?
True
Suppose -2*r + 35510 = -2*g, 17*g - 12*g = -10. Is r composite?
True
Let c = 67615 - 3344. Is c prime?
True
Let r(s) = -85*s - 23. Let q be r(-7). Suppose 2*w + q = 4*z, -2*z + z - 3*w = -150. Let y = z + -93. Is y prime?
False
Suppose w - 4 = 5*b, -2*b - 5*w - 7 = -0. Is (2/(-2))/(-2)*(b - -1887) a prime number?
False
Let o = -2 - 2. Let q = o + 59. Is q prime?
False
Suppose -7*i = -3*i - 12. Let q(x) = 8*x**3 + x**2 - 5*x + 1. Is q(i) prime?
True
Suppose -5*s + 159*v + 493873 = 163*v, -296329 = -3*s - 5*v. Is s a prime number?
True
Let i = -4929 + 10520. Is i a prime number?
True
Let r = 6 + -1. Suppose 0 = r*g - g - 4. Is -6 + 3/g - -166 a prime number?
True
Let d(a) = -2431*a**3 - 11*a**2 + 5*a - 7. Let q(i) = 1216*i**3 + 6*i**2 - 3*i + 4. Let o(v) = -6*d(v) - 11*q(v). Is o(1) prime?
False
Let s(d) = 4673*d + 6. Let c(b) = -2336*b - 3. Let k(f) = -13*c(f) - 6*s(f). Is k(1) a composite number?
False
Let b = -724 - -1128. Suppose -2*t = -t - b. Is t - 3 - 16/4 a composite number?
False
Let u(q) = q**3 + 4*q**2 - 6*q - 5. Let o be u(-5). Suppose 28 = -2*z + 9*z. Suppose o = 5*r - 4*v - 429, 0 - z = -v. Is r a prime number?
True
Let l(c) = -5*c**2 + 9. Let i be l(0). Let h(z) be the third derivative of 5*z**4/12 - 13*z**3/6 - 2*z**2. Is h(i) a composite number?
True
Suppose -12*b + 5 = -7*b. Suppose -5*m - 3*q = 9, -6*q = 3*m - 4*q + 5. Is -190*(m + 2) + b composite?
False
Suppose 2143 = 4*r - 2257. Suppose 4*y = 2*w + 902, 9*y + 3*w - r = 4*y. Is y composite?
False
Let d = 1 + 2. Suppose 0 = 4*n - d*q - 1031, -q - 258 = n - 2*n. Is n a composite number?
False
Let u = 33 + -30. Suppose u*q - 569 = 2*c, 4*q + c = 4*c + 758. Is q a composite number?
False
Let q(b) = b**3 + 6*b**2 + 7*b + 4. Let v be q(-5). Let s be (382 + 0)*(-9)/v. Suppose -3*f + 0*f + s = 0. Is f a prime number?
True
Suppose -t - 62 + 65 = 0. Let y = 63 - 23. Suppose -t*q + 421 - y = 0. Is q composite?
False
Let y(z) = -2*z. Let m be y(-2). Let f = m + -1. Is (-1)/f - 620/(-6) prime?
True
Let t(f) = -2*f - 8. Let u be t(-6). Suppose -5*m = -11 - u. Suppose m*w - 12 = 0, -4*w = 7*a - 4*a - 238. Is a composite?
True
Suppose -4*n = -4*s - 72, -5*n + 95 = -3*s + 1. Is (12/n)/(4/1660) composite?
True
Let c = 5769 - -1054. Is c a composite number?
False
Let u be 1 - (3 + -3) - 1. Suppose -a - k + 3 = u, 3*a + 2*k - 3 = 2*a. Suppose -a*p + 38 + 29 = -2*x, -2*p - 2*x + 48 = 0. Is p prime?
True
Let x = 214 + 90. Suppose 4*h = -2*w - w + x, -308 = -4*h - 2*w. Is h a prime number?
True
Suppose -4*x + 8*m - 41 = 3*m, -5*m = -25. Let r be 4/(-8 - x) + 3. Suppose 2*q + r*h = -0*q + 104, -4*q + 4*h = -168. Is q a prime number?
True
Let b(l) = 4 + 11*l - 3*l - 5 - 2. Let x be b(7). Suppose z - 110 - x = 0. Is z composite?
False
Let l(s) = 4166*s**2 - 40*s + 109. Is l(3) a prime number?
True
Suppose 0 = -15*l + 66640 + 111305. Is l a composite number?
False
Let m(h) = -170*h + 12. Let w be m(-15). Let c = 15 + -11. Suppose -2*o + 4*q + w = 624, -c*q - 2897 = -3*o. Is o composite?
True
Let g = -78 + 55. Let y = -14 - g. Suppose 2*f = 3*f - y. Is f prime?
False
Suppose 0 = p + 2*h - 52215, 104420 = 3*p - p - h. Is p composite?
True
Suppose 0 = 228*p - 235*p + 3269. Is p composite?
False
Let j be (1/2)/((-2)/(-8)). Suppose -1588 = j*n - 6*n. Is n a composite number?
False
Let f = -4107 - -8524. Is f prime?
False
Suppose n - 2 - 2 = 0. Suppose k = -n*g + 2, k + g = 2*k - 7. Suppose 0 = -8*p + k*p + 258. Is p prime?
False
Let a be (1 - 141/(-6))*-38. Let l = 1796 + a. Is l a composite number?
True
Let p = 1 - -3. Suppose 0 = p*u - 3*u - 149. Is u a composite number?
False
Let m = -99 + 214. Is m prime?
False
Let h = -54309 + 100036. Is h prime?
False
Suppose 0 = -5*u -